*r. Give u(j).
-4
Let o = -206 - -123. Let v = o + 88. Let i(t) = 2*t - 5. Give i(v).
5
Let f be (280/24 - 12)*12. Let u(y) = y**2 + 2*y - 5. Determine u(f).
3
Let p be (-1)/((-99)/(-25) + -4). Let d = -29 + p. Let c(h) = -2*h - 3. What is c(d)?
5
Suppose -5*h = -2*y - 3, 2*h = -0*y - 4*y + 6. Let q(k) = 3*k + 6*k + k**2 - h - 3*k. What is q(-6)?
-1
Let w(v) = -3*v - 6. Let n be 1 - ((-24)/1 - 0). Let b = -470 + 473. Suppose -b*l = -8*l - n. Calculate w(l).
9
Suppose -5*k + 5*r = -30, 5*k + 2*r = 5*r + 32. Let o(a) = a**2 - 7*a - 3. Give o(k).
-3
Let d(h) = -85*h + 4 + 2 + 86*h. Determine d(0).
6
Let o(k) = -4*k - 10. Let x(p) = 1. Let b(j) = -o(j) - 3*x(j). Suppose 34*g - 29*g + 35 = -5*f, 0 = -4*g - 5*f - 30. What is b(g)?
-13
Suppose -4*r = q + 4 + 14, -3*q = -4*r - 10. Let w = -18 + 20. Let z(k) = -4 - k - w*k - 2 + 3. Calculate z(q).
3
Let x = 17 - 16. Let f(z) = 6*z**2 + 2*z - 1. Let j be f(x). Suppose q + j - 4 = 0. Let s(c) = -c**3 - 4*c**2 - 2*c + 2. Determine s(q).
-1
Let g = 177 + -172. Let y(k) = -k**2 + 5*k - 1. Let m be y(3). Let a(o) = g + 1 + 6*o**2 - m - o. Give a(1).
6
Let z(k) be the second derivative of 11/6*k**3 - 6*k - 1/2*k**2 - 6. Give z(2).
21
Let i(y) be the third derivative of 0 - 7/6*y**3 + 18*y**2 - 1/24*y**4 + 0*y. Give i(0).
-7
Let u(n) be the second derivative of -n**4/12 + 7*n**3/6 - n**2/2 + n. Suppose -3*v + 35 = 5*r - 0, -4*r = -v - 11. Determine u(v).
9
Let y be -1 + (-2)/((-4)/10). Let w(x) = -5*x + 5. Let p = 1 + -7. Let l(v) = 4*v - 5. Let u(k) = p*l(k) - 5*w(k). Determine u(y).
9
Let w(b) = b**3 - 4*b**2 - b + 3. Let d = -38 - -25. Suppose -l + 4*o = -29, 4*o = -4 - 8. Let u = d + l. What is w(u)?
-1
Let t(u) = -2*u**2 - 12*u - 27. Let m be t(-6). Let p be 6/8 + m/4. Let y(a) = -a - 14. Give y(p).
-8
Suppose -4*n = -2*j - 6, 2*n - 3*j - 9 = -8*j. Let d(z) = -z**2 + 1 + 4*z + 2*z**2 - 2*z**n - z**3. Give d(-3).
7
Suppose 42 = 29*t + 129. Let l(c) = -4 + 0*c**2 + 0 + 3*c + c**2. What is l(t)?
-4
Let u(s) be the third derivative of s**5/60 + s**4/6 - 2*s**2. Let a = 202 + -206. Give u(a).
0
Let h(y) = -3*y - 6. Suppose -13 + 20 = -p + 3*q, 3*q - 23 = 5*p. Determine h(p).
6
Suppose -l + 0*l = 5*v - 40, 15 = 3*l. Let m(t) = -t**3 + 7*t**2 - 4. What is m(v)?
-4
Let c(o) = -6 + 16*o - o - 2*o + 17 - 12*o. Let i(g) = -8*g**3 - g**2 + g. Let k be i(1). What is c(k)?
3
Let q = -20 - -14. Let o(z) = z**2 + 2*z + 1. Let u(t) = -t**3 - 2*t**2 + 12*t + 1. Let v(y) = 3*o(y) - u(y). Give v(q).
2
Let v(l) = -2*l. Let y(b) be the second derivative of b**3/6 + 3*b**2 + 5*b. Let s be y(-11). Let p = 10 + s. Determine v(p).
-10
Let j(q) = 1. Let l(v) = -2*v + 2. Let f(u) = j(u) + l(u). Give f(-3).
9
Let j(u) = -u**2 + 5*u - 6. Let n = 67 - 118. Let y be (-34)/n + 20/6. Give j(y).
-2
Let m(v) = v**3 + 3*v**2 + 3*v + 1. Let z(a) = -a**3 + 2*a**2 + 4*a - 5. Let y(r) = r**2 - r. Let u(l) = -2*y(l) - z(l). Let j be u(4). Give m(j).
-8
Let o = 36 + -37. Let h(l) = -5*l. What is h(o)?
5
Let h(r) = -r**2 + 3*r + 1. Suppose 0 = -2*s - 5*v + 37, -3*s = -3*v - 0*v - 3. What is h(s)?
-17
Let k(v) be the first derivative of -v**4/4 - 3*v**3 - 4*v**2 + 5*v + 269. Calculate k(-8).
5
Let t(z) = z**2 - z + 9. Let r be t(0). Suppose r = -2*d - d. Let y(b) = 370*b**2 - 184*b**2 + 2 + b**3 + 2*b - 183*b**2. Determine y(d).
-4
Let s(g) = -g**2 + 2*g + 3. Let x = -63 - -57. Let f be (18/(-6))/((-9)/x). Determine s(f).
-5
Let v(l) = -l**2 - l + 2. Let z(r) = r**2 + 8*r + 7. Let n be z(-5). Let d = -3 - n. Suppose -d*c + 2*c = t - 8, -16 = t - 3*c. What is v(t)?
-10
Let o = 1 - 3. Let n(z) be the third derivative of -z**4/8 + z**3/3 - 7*z**2 - 7. Calculate n(o).
8
Let z = -4 + 2. Suppose -p - 1 = -u, -3*p = -2*p - 5. Let o(h) = -5*h**2 - 5. Let g(q) = -q**2 - 1. Let c(k) = u*g(k) - o(k). Determine c(z).
-5
Let o(m) = -m + 5. Let h(b) = 2*b - 6. Let w(t) = -4*h(t) - 5*o(t). Give w(2).
-7
Let c(q) be the first derivative of -q**4/4 + 3*q**3 + 5*q**2 - 2*q - 12. Give c(10).
-2
Suppose -34*i - 3 = -33*i. Let s(b) = -2*b**2 - 4*b - 3. What is s(i)?
-9
Let r(y) = y**2 + 6*y + 3. Let v(t) be the third derivative of t**6/120 - t**5/10 - t**4/3 + 4*t**2. Let x be v(7). Let f = -12 - x. Calculate r(f).
-2
Let a(n) be the third derivative of -n**4/6 + 2*n**2. Calculate a(4).
-16
Let l(d) = 5*d + 3. Let a(u) be the third derivative of -u**4/24 - u**3/3 - u**2 + 2*u. Let o(g) = 4*a(g) + l(g). Determine o(11).
6
Let v(i) = i**2 - 4*i - 3. Let y(s) be the third derivative of s**5/60 - 5*s**4/24 - 2*s**3/3 + 10*s**2. Let z(k) = -5*v(k) + 4*y(k). Determine z(2).
-5
Let d(y) be the first derivative of 3*y**4/4 - 5*y**3/3 - 6*y - 2. Let s(t) = -t**3 - t**2 - 1. Let w(h) = -d(h) - 2*s(h). Calculate w(7).
8
Let h(d) be the third derivative of -1/6*d**4 - 9*d**2 + 0*d**3 + 0 - 1/720*d**6 + 0*d + 0*d**5. Let q(y) be the second derivative of h(y). Determine q(-5).
5
Let h(a) = -a**3 - 4*a**2 + a + 2. Let j be 2/(((-3)/(-4))/(-3)). Suppose 2*y = -4*o - 0*o + 20, -5*o = 5*y - 35. Let x = j + y. Give h(x).
-2
Let m(i) = -8 + i - 7*i - 4 + 8*i. Let t be m(7). Let d be t/(-6) + (-1)/(-3). Let s(w) = -w**2 - w + 8. Give s(d).
8
Let a(f) be the second derivative of f**4/6 + f**3/6 + f**2/2 - 219*f. Give a(2).
11
Let n(o) be the second derivative of o**5/20 - o**4/4 - 2*o**3 + 9*o**2/2 - 289*o. Calculate n(5).
-1
Let f(p) be the second derivative of -p**5/20 + p**4/3 + 2*p**3/3 - 5*p**2/2 - 2*p. Suppose 3*a - 27 = 3*j, a + 30*j = 27*j - 11. Determine f(a).
11
Let m(h) = -h - 3. Let l(d) = 1. Let k(x) = 5*l(x) + 2*m(x). Suppose 6 = -10*o - 4. Calculate k(o).
1
Suppose j = 4*j + 9. Let f(h) = 4*h + 3*h**2 + h**3 - 5*h + 0*h**3 - 4 - h**2. Determine f(j).
-10
Let s(a) be the third derivative of -1/120*a**6 - 1/2*a**3 + 0 + 7/60*a**5 + 0*a - 1/4*a**4 - 3*a**2. Suppose -4*v = -28 + 4. Calculate s(v).
-3
Let q = 131 + -131. Let r(h) = -h + 8. Give r(q).
8
Let x = 300 + -298. Let k(b) = -2*b**3 + 2*b**2 + 2*b - 4. Calculate k(x).
-8
Let x = -334 + 328. Let w(j) = -4*j - 6. What is w(x)?
18
Let z(j) = 3*j**3 - j**2 - 1. Let i(u) = 19*u**3 - 7*u**2 + u - 5. Let g(k) = i(k) - 6*z(k). Determine g(2).
7
Suppose 4*w - 12 = 4*t, -3*t - 18 - 9 = 3*w. Let k(m) = -5*m + 5. Let y(g) = -4*g + 4. Let a(i) = -6*k(i) + 7*y(i). Calculate a(t).
-14
Let y(l) = -2*l - 37. Let p be y(-19). Let d be (4 - 5 - -1)/p. Let h(w) = w**2 + w + 17. Determine h(d).
17
Let n(t) = -2*t**3 - t**2 + 2*t + 3. Let q be n(-1). Let d(z) = -2*z + 5*z + 4 - 2*z + z**3 - 1 + 4*z**q. Let u = 3 - 7. Determine d(u).
-1
Let l(y) = -3*y + 1. Let g be 6 - ((-121)/11)/(-11). What is l(g)?
-14
Let m be -3 - -9*(10/6 - 2). Let z(s) = -2*s**3 - 12*s**2 + 2*s + 13. Give z(m).
1
Let f(t) = 462*t - 922*t + 453*t - t**3 - 6*t**2 - 9. Determine f(-6).
33
Let k be (-6)/(-8)*(-16)/(-4). Suppose 0*d = -d + k. Let z(x) = d*x**2 + x**2 + 0 - 1 - 5*x**2. What is z(1)?
-2
Let v be 24/14 - (-6)/21. Suppose v*r + 205 = 4*t - 3*r, t = -3*r + 30. Let m(z) = -3 + 46*z**2 + 2 - t*z**2. Give m(2).
3
Let x(o) = o**3 + 4*o**2 - 4*o - 1. Suppose -a - 4*a = -2*s - 26, -5*a + s = -23. Let u be a/3*(-3)/(-1). Let g(r) = r - 9. Let h be g(u). What is x(h)?
-6
Let q(w) = -2*w. Let x(j) = 40*j + 347. Let i be x(-9). Calculate q(i).
26
Let x be -4 - -1 - 1*-7. Suppose -k - 21 = -x*k. Let n(a) = 2*a**2 + 11*a**2 + 2*a - k*a**2 - a**3. What is n(6)?
12
Let b(h) = 3*h - 2. Let s(l) = -9*l - 30. Let w be s(-4). Suppose 0 = -7*j + w*j + 3. Give b(j).
7
Let c be (42/15 + -4)/(2/10). Let x be (((-14)/c)/7)/((-2)/6). Let p(a) = -9*a - 1. What is p(x)?
8
Let u(z) = 3*z + 6. Let y be u(-4). Let v = y - -8. Let m(g) = -3*g**v + 0*g**3 + 2 + 2 + g**3 - 6*g. Give m(4).
-4
Let g(p) = p**3 + 4*p + 46 - 4*p**2 + 43 - 91. Give g(3).
1
Let q = 14 - 0. Let n = q - 3. Let a(y) = n*y + 0*y - 6*y. Give a(1).
5
Let i(m) be the first derivative of -2*m**4 + m**3/3 + 2*m**2 + 2*m - 286. Give i(-1).
7
Let c(d) = -344*d**2 - 4*d**3 + 3*d**3 + 7*d - 4 + 5*d**3 + 353*d**2 - 3*d**3. Give c(-8).
4
Let q(l) = -l**3 + 7*l**2 + 2*l - 8. Let j(h) = 5*h**2 + 12*h + 11. Let k(c) = 6*c**2 + 13*c + 12. Let m(b) = 5*j(b) - 4*k(b). Let n be m(-8). Give q(n).
6
Let n(j) = -4*j + 10. Let h(a) = -20*a - 53. Let k be h(-3). What is n(k)?
-18
Let x(m) = 7*m**3 - 6*m**2 - 6*m + 6. Let i(t) = 6*t**3 - 5*t*